- 11)?
0
Suppose 0 = -5*f - 2*x + 33, 0 = 4*f - 5*x - 16 - 17. Suppose 4133 + 4694 = f*k. What is the hundreds digit of k?
2
Suppose 4*f + 5536 = d, 0 = -3*d + f - 5879 + 22520. What is the thousands digit of d?
5
Let w be 19/(-5) - 19/95. Let y(u) = -194*u + 43. Let o be y(w). Suppose 3*t - 2*a - o = 0, 822 = 3*t + 3*a - 4*a. What is the units digit of t?
5
Let o(l) = -4*l**3 - l**2 + 2*l + 1. Let g(v) = 3*v**3 + 7*v**2 - 9*v - 8. Let j(p) = -g(p) - 4*o(p). What is the tens digit of j(5)?
5
Let w be 10 + ((-358)/8)/(20/80). Let d = 348 - 58. Let g = w + d. What is the units digit of g?
1
Suppose 0 = 5*w - 20 + 70. What is the units digit of 73/(-2)*3/(15/w)?
3
Suppose 1138815 = 107*t - 353300. What is the ten thousands digit of t?
1
Suppose 3*x + 2 = 20. Suppose 3*p - 2088 = -x*p. Suppose -u + p = 3*u. What is the tens digit of u?
5
Let n = 31 + -30. Let t be (0 + -2)/(n/20). What is the tens digit of (18/(-4))/(-6 + (-236)/t)?
4
Suppose -52 = -3*n + 35. Let j(s) = -n*s + 169 + 6*s - 184. What is the units digit of j(-3)?
4
Let x be (-2)/(-23) + (-738552)/(-276). Let q = -1072 + x. What is the tens digit of q?
0
Let p be 3 + (4/(-22) - (-9038)/(-22)). What is the tens digit of (69/4 + 0)/((-153)/p)?
4
Let a(k) = k**2 + 18*k - 52. Let s be a(-22). Let g be 8/10*(-2 - s/(-8)). Suppose 2*q = -2*x + 26, -g*q = q + 5*x - 41. What is the units digit of q?
2
Let x(w) = 2*w**3 + 13*w**2 + 3*w - 8. Let u be x(-6). Let o(b) = -4 + 5*b + 6 + u*b**2 - b. What is the tens digit of o(-2)?
3
Let m = 557 + -272. Suppose -4*d - j - m = -5*d, j = 5*d - 1429. What is the hundreds digit of d?
2
Let d(y) = -2*y**3 - 21*y**2 - 68*y - 30. What is the tens digit of d(-14)?
9
Let a(k) = -k**2 + 18*k + 43. Let o(p) = 3*p + 8. Let z be o(4). Let u be a(z). Suppose -u*v = -11*v + 152. What is the tens digit of v?
1
Suppose -2*o = -5*c - 6, 2*o + 3*o + 5*c = 15. Let v(t) = 40*t**2 - 50*t**2 + 7*t + 2*t + 2*t**o - 23. What is the tens digit of v(7)?
3
Let s(o) be the first derivative of o**3/3 - o**2/2 - 17*o - 149. What is the units digit of s(-14)?
3
Let g(h) = h**2 - 36*h + 42. Let b be g(35). Suppose 0 = -b*a + 8*a - 4, s - 191 = -4*a. What is the tens digit of s?
7
Suppose 16*m = -9*m + 3*m. Suppose -13*f - 291 + 4880 = m. What is the units digit of f?
3
Let q be ((-6)/9)/((-20)/90). Let l be 0/((1 + 2)/q). Suppose -3*i = -5*s + 590, 3*s + 4*i - 267 - 116 = l. What is the units digit of s?
1
Let q(x) = 78*x**3 - 2*x**2 + 10*x. Let d be q(3). Let r = 3453 - d. What is the units digit of r?
5
Suppose 0 = -84*n + 80*n + 12. What is the tens digit of (-13)/n*(-23 + 16/8)?
9
Suppose 0 = -4*u + s + 51730, -2*u - 12964 = -3*u - 5*s. What is the thousands digit of u?
2
Let t = 72 + -69. Suppose -4*w + 3394 = 2*d, t*w - 4*d = 5*w - 1688. Suppose -k + 6*k - w = 2*a, k - 163 = -a. What is the hundreds digit of k?
1
Let v = -5592 + 5596. Let m = -7 - -2. What is the tens digit of v/3*-42*m/10?
2
Suppose 5*m + 183 = f, -4*m - 1 = 7. Suppose 18 = -4*h + 46. Suppose -371 = -2*j - 3*r, -j + 3*r = h*r - f. What is the hundreds digit of j?
1
Let x(y) = y**3 - 3*y**2 + y - 16. What is the tens digit of x(12)?
9
Let v(g) = -3*g**2 + 23*g + 13. Let y be v(8). Suppose 3*o + 20 = s + 9, -17 = -y*s - 4*o. What is the units digit of s?
5
What is the thousands digit of (1 - -24084)*(-24)/(-60)?
9
Let i = 94 + -73. What is the units digit of 374/2 - i/(-21)?
8
Suppose z - 487 = -3*u, -5*u + 3*z = -1176 + 341. Let d be ((-180)/50)/9 + (-393)/5. Let w = d + u. What is the tens digit of w?
8
Let r(n) = n**2 + 14*n + 1041. Let l(m) = 3*m - 2. Let c(p) = -2*l(p) + r(p). What is the thousands digit of c(0)?
1
Let w(q) = 2*q**2 + 17*q + 64. Suppose -20 = -713*t + 717*t. What is the tens digit of w(t)?
2
Let q be (-36)/8*(-5 - (-77)/21). What is the hundreds digit of (3 + q + -11)*-427?
8
Let t = 612 + -171. What is the units digit of t + -12*-3*(-2)/(-24)?
4
Let v = -53 - -56. Suppose -c + 624 = v*c. Suppose -i + c = 2*i. What is the units digit of i?
2
What is the hundreds digit of (370/4)/((-2)/(-148)) + 4?
8
Suppose 26*h - 21*h = 1390. Let n = 136 - h. Let s = -100 - n. What is the units digit of s?
2
Let z = 163 + -48. Let g = 315 - z. What is the hundreds digit of g?
2
Let g be 9/(-4 + 84/20). Suppose -45 = -4*s - g. Suppose 0 = v - u - 103, s = 3*v - v - 5*u - 194. What is the hundreds digit of v?
1
Let m = 26374 + -13542. What is the tens digit of (0 + m/24)*(-6)/(-8)?
0
Let p(a) be the first derivative of -2*a**2 + 27*a + 1. Let q be p(7). What is the units digit of (-17 - q)/(2/(-4))?
2
What is the tens digit of 47/((-1974)/48) + 20058/21?
5
Let s = 714 - 611. Suppose s*o = 100*o + 789. What is the hundreds digit of o?
2
Let p(m) = -1263*m**3 + 1272*m**3 - 5*m - 3*m**2 + 7 - 2. What is the tens digit of p(3)?
0
Suppose -108 = 21*q - 3*q. Let o(n) = -3*n**3 + 4*n**2 + 15*n + 12. What is the hundreds digit of o(q)?
7
Suppose 20*a - 50871 - 14143 = 109806. What is the units digit of a?
1
Suppose 46 = 4*w + 5*z, -4*w + 5*z + 19 = -7. Suppose -w*v + 128 = -7*v. What is the tens digit of v?
6
Suppose 3*d + 21 = 0, 5*o - 22*d - 286643 = -18*d. What is the ten thousands digit of o?
5
Let r be -1*(-8 + 3 - (0 - 0)). Suppose f - i = 453, r*i - 899 = 7*f - 9*f. What is the hundreds digit of f?
4
Let y = -9208 - -19230. What is the thousands digit of y?
0
Suppose 0 = 52*p - 45*p - 101976. Suppose 127*k = 135*k - p. What is the hundreds digit of k?
8
Let v be 136/36 - 2/(-9). Suppose -v*t = -29 + 121. Let o = -20 - t. What is the units digit of o?
3
Let n(j) = 35*j + 41 + 13 - 83. What is the tens digit of n(25)?
4
Let m = -8473 + 16049. What is the units digit of m?
6
Let n be (-6)/(-33) + (-896)/88. Suppose w + 3*v = -5, 0*w - 4*v = -2*w. What is the units digit of (5/w)/(n/20)?
5
Suppose -5 = 5*n, -3*n - 118320 = 249*h - 252*h. What is the thousands digit of h?
9
Let g = -1 + 15. Let x = g - -158. Let u = -99 + x. What is the tens digit of u?
7
Let p be (-5 + 3 + -22)*(-3)/6. What is the tens digit of ((-2)/1)/(p/34146*-7)?
1
Let x(y) = 6*y**3 + 5*y**2 - 7*y - 11. Let v be x(6). Suppose 5*h + 2*s - 710 = 4*h, -v = -2*h - 5*s. What is the tens digit of h?
0
Let p(x) = -x**3 - 3*x**2 - 2*x + 2. Let u be p(0). Suppose -i + 3*v = -469, -u*i = 4*v - 7*v - 935. What is the units digit of i?
6
Let l(k) = 450*k - 39. Let g be l(7). Suppose 7*y - g = 4365. What is the thousands digit of y?
1
Let u(v) = -25*v - 1. Let k(z) = -z**3 + 4*z**2 - 4*z + 1. Suppose 2*t = b + 5, 1 = -2*b - t + 11. Let n be k(b). What is the tens digit of u(n)?
4
Let s = 80 + -46. Let p be (-149)/(-7) + (-2)/7. Suppose 0 = c - 4*h - s, -p + 157 = 4*c - 4*h. What is the tens digit of c?
3
Let t be (-8)/((-32)/228) - 1. Let m(a) = 20*a - 8. Let b be m(-1). Let c = b + t. What is the tens digit of c?
2
Let g = -379 - -376. Let c(r) = 29*r**2 - 4*r - 15. What is the units digit of c(g)?
8
Let c(v) = -v**3 + 8*v**2 - 4*v + 4. Let m(y) = -3*y**2 + 3*y**3 + 6 - y**2 + 3*y**2 - 4*y**3. Let x be m(0). What is the tens digit of c(x)?
5
Let w(i) = -3*i**3 - 13*i**2 - 51*i + 29. What is the thousands digit of w(-22)?
6
Suppose -16*k + 2 - 50 = 0. Let g be k - (-1 - -60)*-7. Suppose -3*s + g = 2*y, -320 = -3*s + 5*y + 83. What is the units digit of s?
6
Let g be 14 - (-3 - 4)/((-13)/13). Let s(o) = 55*o - 1. Let w be s(5). Suppose 1226 - w = g*b. What is the units digit of b?
6
Suppose -5*g - 1 = -0*x - x, 0 = -3*g + x - 1. Suppose c = -g*c + 5. Suppose 5*p - 472 = 2*d - 0*d, 5*d = c*p - 460. What is the units digit of p?
6
Let n be 15*(-1 - 21/(-35)). What is the units digit of (-20 + 2)/(n/56)?
8
Let a be 2*8/152 + (-14)/133. Suppose -4*w = -u + 298, 4*u - 2*w + 53 - 1231 = 0. Suppose a = -s, -4*q = -2*s - 802 - u. What is the hundreds digit of q?
2
Suppose -z = -3*i - 1, -4*i - 86 = 5*z - 15. What is the units digit of (z - -5 - -623) + -6?
1
Let t = 39426 - 19129. What is the tens digit of t?
9
Let g = 12804 + -5299. What is the tens digit of g?
0
Suppose 110 = t + q, 0*q = 4*t + 5*q - 439. Let z be (5/(-2))/(1/(-2)). Suppose -2*m + z*m = t. What is the units digit of m?
7
Suppose 55 = 7*d - 36. Suppose -d = -3*b - r, -3*r + 6*r - 7 = -b. Suppose -b*w + w + 312 = 0. What is the tens digit of w?
0
Let x(g) = 52*g**3 - 74*g**2 - 43*g + 112. W